21)/(-46). Calculate the greatest common factor of a and 2160.
135
Let i be (-2)/(-8)*-3*(-89 + 25). What is the greatest common divisor of i and 8508?
12
Let o(n) = 42*n - 51. Let c be o(5). Suppose 95 = 2*x - h, 4*h - 11 - c = -3*x. Let p be (2/(-5))/(2/(-100)). Calculate the greatest common divisor of x and p.
10
Suppose -685*i + 850 = -668*i. Calculate the greatest common divisor of i and 10.
10
Let q be 10/(-35) + 92/28. Suppose 0*j = j - 5, -4*p + 479 = q*j. Let i = p - -1. What is the highest common divisor of 13 and i?
13
Let t(i) = -22*i - 465. Let d be t(-28). Calculate the highest common factor of d and 12231.
151
Suppose 16*h = -h + 187. Suppose -g + h = -11. Calculate the highest common divisor of g and 44.
22
Let f(o) = 11*o**2 - 1. Let d be f(-1). Let n = 75 - 72. Suppose -u - 44 = -2*y, -3*y + n*u - 8 = -4*y. What is the highest common factor of d and y?
10
Suppose -4*f + 180 = -10*f. Let k be -1*(0 - f)*(-48)/18. Suppose -1 = 2*r - 65. What is the highest common divisor of r and k?
16
Suppose -2*q + 22*q = 220. Let u(m) = 46*m + 7. Let o be u(2). Calculate the greatest common factor of o and q.
11
Let y be (-59 + -3 + 8)/(-2)*3. Let n = -10 + 36. Let a = -17 + n. Calculate the highest common divisor of y and a.
9
Suppose -5*v = r + 3 + 15, -36 = -4*r - 2*v. What is the highest common factor of 912 and r?
12
Suppose -81*u - 47*u + 84*u = -42504. What is the highest common factor of u and 414?
138
Let x(l) be the second derivative of -l**4/4 - 49*l**3/6 + 5*l**2/2 - 11*l - 3. Let v be x(-16). Calculate the highest common factor of v and 3.
3
Suppose 5*h = -5*n + 1155, 26*h + 203 = n + 23*h. Let v be 1 - (2 - 0) - -17. What is the greatest common factor of v and n?
16
Suppose -14 = -2*q + 4*r, r + 21 = 2*q - 2. Suppose -q*c + 10*c + 24 = 0. Let f be 1/(-2) - (-725)/10. What is the greatest common divisor of c and f?
8
Suppose 2*u - 50 - 40 = 0. Suppose q - 3*t - 49 = -53, 3*t = 9. Calculate the greatest common factor of u and q.
5
Let y be (-6)/(-4)*2/3. Suppose 0 = -8*u + 5771 - 1275. Suppose 0 = 9*z + u - 571. Calculate the greatest common divisor of y and z.
1
Let s(c) = -c**2 + 2*c + 29. Let t be s(0). Let y = 573 - 109. Calculate the greatest common factor of t and y.
29
Let g(u) = 545*u - 743. Let b be g(6). Calculate the highest common factor of b and 266.
133
Let v(h) = 5*h**3 - 123*h**2 + 96*h - 25. Let m be v(24). Calculate the greatest common factor of 4 and m.
1
Suppose 4*j + 1296 = 3*o, -j = 3*o + 4*j - 1296. Suppose -4*r = -5*n + 611 + 423, -2*n - 3*r = -o. What is the greatest common divisor of 120 and n?
30
Suppose 825 = 94*v - 89*v. Suppose v*q - 172*q = -350. What is the greatest common divisor of q and 75?
25
Suppose -259*r = -115*r - 144. Calculate the greatest common factor of 59 and r.
1
Suppose 2*c - 5*y - 174 = -2*c, y - 232 = -5*c. Suppose -3*t + 7*t - 77 = q, 2*t = 2*q + c. Calculate the highest common factor of t and 36.
18
Let r = -170 + 246. Let z be ((-4)/(-5))/(23/(-230)). Let b be (-1328)/(-7) + z/(-28). What is the highest common factor of r and b?
38
Let s = -11163 - -12825. What is the highest common factor of s and 6?
6
Let r = -239822 + 239838. Suppose -2*l = -3*l - 14. Let p = -10 - l. Calculate the highest common divisor of r and p.
4
Let f be (-150)/(-9)*7956/780. Calculate the highest common divisor of 323 and f.
17
Let r(l) = -2*l**3 + 2*l**2 + 61*l + 229. Let b be r(-4). What is the highest common divisor of 812 and b?
29
Let a be (-1)/(((-2)/(-17))/(-2)). Suppose -a = 5*z - 132. Let f be (4 - -1) + (0 - (-123)/3). Calculate the highest common factor of f and z.
23
Let v(c) = -4*c**3 + 19*c**2 - 32*c + 209. Let g be v(5). What is the highest common divisor of 8484 and g?
12
Let l = -598068 - -598109. Suppose -2*a + q + 80 = 0, -2*q + 6*q = -4*a + 172. What is the highest common factor of a and l?
41
Let y(a) = -a**3 + 2*a**2 + 5*a - 3. Let q be y(3). Suppose -3*v + q*l + 611 = 7*l, l - 1041 = -5*v. What is the highest common factor of 38 and v?
19
Let d = 2365 - 2345. Calculate the highest common factor of d and 52.
4
Let g = 20 - 12. Let n = -681 - -406. Let m = -243 - n. What is the highest common factor of m and g?
8
Let d = -6609 - -11199. What is the greatest common factor of d and 170?
170
Let h = 28 - 43. Let i = 20 + h. Suppose 2*j - 1 - 3 = -2*p, 0 = -i*j - 2*p + 7. What is the highest common factor of j and 3?
1
Suppose 0 = 7*u - 2*u - 585. Let h(o) = -o**3 + 57*o**2 - 670*o - 328. Let l be h(40). What is the greatest common factor of u and l?
9
Let c(j) = -4*j**2 + 74*j - 3. Let u be c(15). Let n = 267 - u. What is the highest common divisor of n and 20?
20
Suppose -23*m = -9*m + 3654. Let x = 263 + m. What is the highest common factor of x and 94?
2
Let f be 17708/(-190)*(-30)/4. Let u = -669 + f. Let w be 107 - 2/4*4. Calculate the highest common divisor of u and w.
15
Let y(n) = 2*n + 2. Let m be y(10). Let w(j) = -3*j**3 - 99*j**2 - 2*j + 33. Let z be w(-33). Calculate the greatest common factor of m and z.
11
Let l(g) be the second derivative of -g**5/20 - g**4/6 - 4*g**3/3 + 5*g**2/2 + 11*g. Let u be l(-4). What is the highest common divisor of 6 and u?
3
Let r(i) = 84*i - 3. Let g be r(2). Suppose 12*w - 25*w - 825 = -38*w. What is the greatest common divisor of g and w?
33
Let a = 3759 - 3746. What is the greatest common divisor of a and 767?
13
Let u = -270 + 280. Suppose -u*d + 1040 = -2*d. Calculate the greatest common divisor of d and 10.
10
Let c(u) = 12*u - 120. Let g(d) = -d**2 + 11*d - 18. Let s be g(6). Let k be c(s). Let w be (3/2)/(6/128). What is the greatest common divisor of w and k?
8
Let p(x) = x**2 - 7*x + 10. Let w be p(6). Calculate the greatest common divisor of w and 61.
1
Suppose 0*w - 6*w = -42. Let k be ((-2)/(-9) - (-140)/(-225))*-140. Calculate the highest common factor of k and w.
7
Let w be 16/(-168) + (7 - 187070/(-21)) - 6. What is the highest common divisor of w and 177?
59
Suppose 5*w = -10, -3*w - 103 = -3*s + 23. Let y = 72 - s. Suppose 7*l - 5*l - y = 0. Calculate the greatest common divisor of 112 and l.
16
Suppose 3*i - 6 = 3*l, -4*i + 1 = l - 12. What is the greatest common divisor of 971 and l?
1
Let g be (-4)/(-3)*(-27)/(-2). Suppose -51*u + 5070 = -49296. Suppose 122 = 11*c - u. What is the highest common divisor of g and c?
18
Suppose -d = -b + 4*d - 1, b + 4*d - 17 = 0. Let v = -481 - -508. Suppose -b*p + v = -0*p. Calculate the highest common factor of p and 1.
1
Suppose -7 = 5*o - 22. Suppose -3*d + 3*i = -45, -4 = -o*d - 5*i + 9. Let y = -2870 + 2947. Calculate the highest common divisor of d and y.
11
Let s(h) = 7*h**3 - h**2 - 2*h. Suppose 0 = 4*x - 2 - 14. Suppose -8*t + 12 = -x. Let l be s(t). Calculate the highest common divisor of l and 6.
6
Suppose -584*l + 289*l + 68666 = -282*l. What is the highest common factor of l and 1112?
278
Let y be 9 - ((-28)/(-4) + -3). Suppose -3*q = -a - 512, -4*a + 1402 - 526 = y*q. Let j = 354 - q. What is the highest common divisor of 26 and j?
26
Suppose -36170 = 3049*x - 3088*x + 126655. What is the highest common factor of x and 10?
5
Suppose -12257*f - 168300 = -12279*f. What is the highest common factor of f and 60?
30
Suppose 39 = 3*l + 21. Let n = 183 + -177. What is the greatest common factor of n and l?
6
Suppose -9*i + 517 - 499 = 0. Let z = 9 + -14. Let p(k) = k**3 + 6*k**2 + 5*k + 4. Let n be p(z). Calculate the highest common divisor of n and i.
2
Suppose -2*r + 20 = 4*u - 14, -4*u + r + 49 = 0. Let f be (1/(-3))/(u/(-132)). Suppose 37*n + 14*n - 51 = 0. What is the greatest common factor of n and f?
1
Let s be (12 + -8)*(34/(-8) - -1). Let m be ((-273)/(-14))/s + (-27)/(-2). Calculate the highest common factor of m and 18.
6
Suppose -x + 5*w = -1442 - 4606, -x + 6016 = 3*w. Calculate the greatest common divisor of 132 and x.
44
Let b be -18 - (-4)/6*(-15)/(-10). Let k(x) = 2*x**2 + 21*x - 32. Let j be k(b). Let q = 175 + -154. Calculate the greatest common factor of q and j.
21
Let i be (-3 - -6)*(-4320)/(-162). What is the highest common divisor of 6400 and i?
80
Let c be (-203610)/(-77) - 2/7. Suppose -p = p - c. Let r = p - 761. Calculate the highest common factor of r and 51.
51
Let b be 2 + -3 + 3 + 10. Suppose b*a = 14*a - 286. What is the greatest common divi